{"id":28,"date":"2024-06-11T17:25:03","date_gmt":"2024-06-11T17:25:03","guid":{"rendered":"https:\/\/vmsti.com.br\/?page_id=28"},"modified":"2026-01-12T22:49:12","modified_gmt":"2026-01-12T22:49:12","slug":"sobre","status":"publish","type":"page","link":"https:\/\/vmsti.com.br\/index.php\/sobre\/","title":{"rendered":"Sobre"},"content":{"rendered":"\t\t<div data-elementor-type=\"wp-page\" data-elementor-id=\"28\" class=\"elementor elementor-28\">\n\t\t\t\t<div class=\"elementor-element elementor-element-7bcc93b e-flex e-con-boxed e-con e-parent\" data-id=\"7bcc93b\" data-element_type=\"container\">\n\t\t\t\t\t<div class=\"e-con-inner\">\n\t\t\t\t<div class=\"elementor-element elementor-element-66ee19d elementor-widget elementor-widget-text-editor\" data-id=\"66ee19d\" data-element_type=\"widget\" data-widget_type=\"text-editor.default\">\n\t\t\t\t<div class=\"elementor-widget-container\">\n\t\t\t\t\t\t\t\t\t<h3 data-start=\"3746\" data-end=\"3763\">Sobre a VMSTI<\/h3><p data-start=\"3765\" data-end=\"3901\">A VMSTI nasceu com um objetivo simples:<br data-start=\"3804\" data-end=\"3807\" \/><strong data-start=\"3807\" data-end=\"3901\">tornar a tecnologia mais acess\u00edvel, funcional e confi\u00e1vel para pequenas e m\u00e9dias empresas.<\/strong><\/p><p data-start=\"3903\" data-end=\"4139\">Com mais de 20 anos de experi\u00eancia em Tecnologia da Informa\u00e7\u00e3o, atuamos com suporte t\u00e9cnico, redes, infraestrutura, el\u00e9trica e solu\u00e7\u00f5es digitais sempre focando no que realmente importa:<br data-start=\"4088\" data-end=\"4091\" \/><strong data-start=\"4091\" data-end=\"4139\">o funcionamento do seu neg\u00f3cio no dia a dia.<\/strong><\/p><p data-start=\"4141\" data-end=\"4343\">Acreditamos que TI n\u00e3o precisa ser complicada, cara ou cheia de termos dif\u00edceis.<br data-start=\"4221\" data-end=\"4224\" \/>Nosso trabalho \u00e9 organizar, prevenir problemas e oferecer tranquilidade para que voc\u00ea possa focar no que faz de melhor.<\/p><p data-start=\"4345\" data-end=\"4456\">Atendemos empresas e resid\u00eancias com solu\u00e7\u00f5es sob medida, clareza na comunica\u00e7\u00e3o e compromisso com o resultado.<\/p>\t\t\t\t\t\t\t\t<\/div>\n\t\t\t\t<\/div>\n\t\t\t\t\t<\/div>\n\t\t\t\t<\/div>\n\t\t\t\t<\/div>\n\t\t","protected":false},"excerpt":{"rendered":"<p>Sobre a VMSTI A VMSTI nasceu com um objetivo simples:tornar a tecnologia mais acess\u00edvel, funcional e confi\u00e1vel para pequenas e m\u00e9dias empresas. Com mais de 20 anos de experi\u00eancia em Tecnologia da Informa\u00e7\u00e3o, atuamos com suporte t\u00e9cnico, redes, infraestrutura, el\u00e9trica e solu\u00e7\u00f5es digitais sempre focando no que realmente importa:o funcionamento do seu neg\u00f3cio no dia [&hellip;]<\/p>\n","protected":false},"author":1,"featured_media":0,"parent":0,"menu_order":0,"comment_status":"closed","ping_status":"closed","template":"elementor_header_footer","meta":{"footnotes":""},"class_list":["post-28","page","type-page","status-publish","hentry"],"_links":{"self":[{"href":"https:\/\/vmsti.com.br\/index.php\/wp-json\/wp\/v2\/pages\/28","targetHints":{"allow":["GET"]}}],"collection":[{"href":"https:\/\/vmsti.com.br\/index.php\/wp-json\/wp\/v2\/pages"}],"about":[{"href":"https:\/\/vmsti.com.br\/index.php\/wp-json\/wp\/v2\/types\/page"}],"author":[{"embeddable":true,"href":"https:\/\/vmsti.com.br\/index.php\/wp-json\/wp\/v2\/users\/1"}],"replies":[{"embeddable":true,"href":"https:\/\/vmsti.com.br\/index.php\/wp-json\/wp\/v2\/comments?post=28"}],"version-history":[{"count":4,"href":"https:\/\/vmsti.com.br\/index.php\/wp-json\/wp\/v2\/pages\/28\/revisions"}],"predecessor-version":[{"id":479,"href":"https:\/\/vmsti.com.br\/index.php\/wp-json\/wp\/v2\/pages\/28\/revisions\/479"}],"wp:attachment":[{"href":"https:\/\/vmsti.com.br\/index.php\/wp-json\/wp\/v2\/media?parent=28"}],"curies":[{"name":"wp","href":"https:\/\/api.w.org\/{rel}","templated":true}]}}